{"id":51,"date":"2023-04-01T15:26:29","date_gmt":"2023-04-01T13:26:29","guid":{"rendered":"https:\/\/cafvercorssud.fr\/?page_id=51"},"modified":"2023-09-20T22:58:55","modified_gmt":"2023-09-20T20:58:55","slug":"presentation","status":"publish","type":"page","link":"https:\/\/cafvercorssud.fr\/?page_id=51","title":{"rendered":"Pr\u00e9sentation"},"content":{"rendered":"\t\t<div data-elementor-type=\"wp-page\" data-elementor-id=\"51\" class=\"elementor elementor-51\">\n\t\t\t\t\t\t\t\t\t<section class=\"elementor-section elementor-top-section elementor-element elementor-element-3041782 elementor-section-boxed elementor-section-height-default elementor-section-height-default\" data-id=\"3041782\" data-element_type=\"section\">\n\t\t\t\t\t\t<div class=\"elementor-container elementor-column-gap-default\">\n\t\t\t\t\t<div class=\"elementor-column elementor-col-100 elementor-top-column elementor-element elementor-element-99ceced\" data-id=\"99ceced\" data-element_type=\"column\">\n\t\t\t<div class=\"elementor-widget-wrap elementor-element-populated\">\n\t\t\t\t\t\t\t\t<div class=\"elementor-element elementor-element-0e26d21 elementor-widget elementor-widget-text-editor\" data-id=\"0e26d21\" data-element_type=\"widget\" data-widget_type=\"text-editor.default\">\n\t\t\t\t<div class=\"elementor-widget-container\">\n\t\t\t<style>\/*! elementor - v3.12.0 - 29-03-2023 *\/\n.elementor-widget-text-editor.elementor-drop-cap-view-stacked .elementor-drop-cap{background-color:#69727d;color:#fff}.elementor-widget-text-editor.elementor-drop-cap-view-framed .elementor-drop-cap{color:#69727d;border:3px solid;background-color:transparent}.elementor-widget-text-editor:not(.elementor-drop-cap-view-default) .elementor-drop-cap{margin-top:8px}.elementor-widget-text-editor:not(.elementor-drop-cap-view-default) .elementor-drop-cap-letter{width:1em;height:1em}.elementor-widget-text-editor .elementor-drop-cap{float:left;text-align:center;line-height:1;font-size:50px}.elementor-widget-text-editor .elementor-drop-cap-letter{display:inline-block}<\/style>\t\t\t\t<p><u>PR\u00c9SENTATION<\/u><\/p>\t\t\t\t\t\t<\/div>\n\t\t\t\t<\/div>\n\t\t\t\t\t<\/div>\n\t\t<\/div>\n\t\t\t\t\t\t\t<\/div>\n\t\t<\/section>\n\t\t\t\t<section class=\"elementor-section elementor-top-section elementor-element elementor-element-bdcafed elementor-section-boxed elementor-section-height-default elementor-section-height-default\" data-id=\"bdcafed\" data-element_type=\"section\">\n\t\t\t\t\t\t<div class=\"elementor-container elementor-column-gap-default\">\n\t\t\t\t\t<div class=\"elementor-column elementor-col-50 elementor-top-column elementor-element elementor-element-2be5338\" data-id=\"2be5338\" data-element_type=\"column\">\n\t\t\t<div class=\"elementor-widget-wrap elementor-element-populated\">\n\t\t\t\t\t\t\t\t<div class=\"elementor-element elementor-element-6b72684 elementor-widget elementor-widget-text-editor\" data-id=\"6b72684\" data-element_type=\"widget\" data-widget_type=\"text-editor.default\">\n\t\t\t\t<div class=\"elementor-widget-container\">\n\t\t\t\t\t\t\t<p>N\u00e9 en 2007, le Club Alpin Fran\u00e7ais du Vercors Sud est un club de montagne qui propose des activit\u00e9s vari\u00e9es : escalade, sp\u00e9l\u00e9ologie, raquettes \u00e0 neige, ski de randonn\u00e9e nordique, descente de canyon\u2026<\/p><p>Lorsque le club a \u00e9t\u00e9 cr\u00e9\u00e9, la volont\u00e9 \u00e9tait de proposer et de faire d\u00e9couvrir toutes les activit\u00e9s de montagne praticables sur le Vercors et les massifs alentours aux jeunes du plateau. C\u2019est pour cela que nous avons souscrit \u00e0 l\u2019esprit des clubs alpins et de la FFCAM (F\u00e9d\u00e9ration Fran\u00e7aise des Clubs Alpins et de Montagne).<\/p><p>Pour les jeunes, nous avons 3 \u00e9coles encadr\u00e9es par des professionnels de la montagne et labellis\u00e9es par la FFCAM\u00a0: \u00e9cole de ski, \u00e9cole d\u2019aventure et \u00e9cole d\u2019escalade.<\/p><p>Le club compte \u00e0 ce jour une centaine d\u2019adh\u00e9rent. Une permanence se tient tous les mardis (de fin Septembre \u00e0 d\u00e9but Mai) de 20 \u00e0 22h \u00e0 la salle polyvalente de la Chapelle en Vercors.<\/p>\t\t\t\t\t\t<\/div>\n\t\t\t\t<\/div>\n\t\t\t\t\t<\/div>\n\t\t<\/div>\n\t\t\t\t<div class=\"elementor-column elementor-col-50 elementor-top-column elementor-element elementor-element-64b7be9\" data-id=\"64b7be9\" data-element_type=\"column\">\n\t\t\t<div class=\"elementor-widget-wrap elementor-element-populated\">\n\t\t\t\t\t\t\t\t<div class=\"elementor-element elementor-element-c90c535 elementor-widget elementor-widget-image\" data-id=\"c90c535\" data-element_type=\"widget\" data-widget_type=\"image.default\">\n\t\t\t\t<div class=\"elementor-widget-container\">\n\t\t\t<style>\/*! elementor - v3.12.0 - 29-03-2023 *\/\n.elementor-widget-image{text-align:center}.elementor-widget-image a{display:inline-block}.elementor-widget-image a img[src$=\".svg\"]{width:48px}.elementor-widget-image img{vertical-align:middle;display:inline-block}<\/style>\t\t\t\t\t\t\t\t\t\t\t\t<img loading=\"lazy\" decoding=\"async\" width=\"525\" height=\"935\" src=\"https:\/\/cafvercorssud.fr\/wp-content\/uploads\/2023\/04\/18073155_10212582241928696_1842909949_n.jpg\" class=\"attachment-large size-large wp-image-244\" alt=\"\" srcset=\"https:\/\/cafvercorssud.fr\/wp-content\/uploads\/2023\/04\/18073155_10212582241928696_1842909949_n.jpg 539w, https:\/\/cafvercorssud.fr\/wp-content\/uploads\/2023\/04\/18073155_10212582241928696_1842909949_n-168x300.jpg 168w\" sizes=\"auto, 100vw\" \/>\t\t\t\t\t\t\t\t\t\t\t\t\t\t\t<\/div>\n\t\t\t\t<\/div>\n\t\t\t\t\t<\/div>\n\t\t<\/div>\n\t\t\t\t\t\t\t<\/div>\n\t\t<\/section>\n\t\t\t\t<section class=\"elementor-section elementor-top-section elementor-element elementor-element-b535365 elementor-section-boxed elementor-section-height-default elementor-section-height-default\" data-id=\"b535365\" data-element_type=\"section\">\n\t\t\t\t\t\t<div class=\"elementor-container elementor-column-gap-default\">\n\t\t\t\t\t<div class=\"elementor-column elementor-col-100 elementor-top-column elementor-element elementor-element-8221b85\" data-id=\"8221b85\" data-element_type=\"column\">\n\t\t\t<div class=\"elementor-widget-wrap elementor-element-populated\">\n\t\t\t\t\t\t\t\t<div class=\"elementor-element elementor-element-c72d37e elementor-arrows-position-inside elementor-pagination-position-outside elementor-widget elementor-widget-image-carousel\" data-id=\"c72d37e\" data-element_type=\"widget\" data-settings=\"{&quot;slides_to_show&quot;:&quot;3&quot;,&quot;navigation&quot;:&quot;both&quot;,&quot;autoplay&quot;:&quot;yes&quot;,&quot;pause_on_hover&quot;:&quot;yes&quot;,&quot;pause_on_interaction&quot;:&quot;yes&quot;,&quot;autoplay_speed&quot;:5000,&quot;infinite&quot;:&quot;yes&quot;,&quot;speed&quot;:500}\" data-widget_type=\"image-carousel.default\">\n\t\t\t\t<div class=\"elementor-widget-container\">\n\t\t\t<style>\/*! elementor - v3.12.0 - 29-03-2023 *\/\n.elementor-widget-image-carousel .swiper,.elementor-widget-image-carousel .swiper-container{position:static}.elementor-widget-image-carousel .swiper-container .swiper-slide figure,.elementor-widget-image-carousel .swiper .swiper-slide figure{line-height:inherit}.elementor-widget-image-carousel .swiper-slide{text-align:center}.elementor-image-carousel-wrapper:not(.swiper-container-initialized) .swiper-slide,.elementor-image-carousel-wrapper:not(.swiper-initialized) .swiper-slide{max-width:calc(100% \/ var(--e-image-carousel-slides-to-show, 3))}<\/style>\t\t<div class=\"elementor-image-carousel-wrapper swiper\" dir=\"ltr\">\n\t\t\t<div class=\"elementor-image-carousel swiper-wrapper\">\n\t\t\t\t\t\t\t\t<div class=\"swiper-slide\"><figure class=\"swiper-slide-inner\"><img decoding=\"async\" class=\"swiper-slide-image\" src=\"https:\/\/cafvercorssud.fr\/wp-content\/uploads\/2023\/04\/20230318_093015-400x300.jpg\" alt=\"20230318_093015\" \/><\/figure><\/div><div class=\"swiper-slide\"><figure class=\"swiper-slide-inner\"><img decoding=\"async\" class=\"swiper-slide-image\" src=\"https:\/\/cafvercorssud.fr\/wp-content\/uploads\/2023\/04\/image0000071-225x300.jpg\" alt=\"image0000071\" \/><\/figure><\/div><div class=\"swiper-slide\"><figure class=\"swiper-slide-inner\"><img decoding=\"async\" class=\"swiper-slide-image\" src=\"https:\/\/cafvercorssud.fr\/wp-content\/uploads\/2023\/05\/IMG_20180722_123349-225x300.jpg\" alt=\"IMG_20180722_123349\" \/><\/figure><\/div><div class=\"swiper-slide\"><figure class=\"swiper-slide-inner\"><img decoding=\"async\" class=\"swiper-slide-image\" src=\"https:\/\/cafvercorssud.fr\/wp-content\/uploads\/2023\/04\/20230318_122418-225x300.jpg\" alt=\"20230318_122418\" \/><\/figure><\/div><div class=\"swiper-slide\"><figure class=\"swiper-slide-inner\"><img decoding=\"async\" class=\"swiper-slide-image\" src=\"https:\/\/cafvercorssud.fr\/wp-content\/uploads\/2023\/04\/barbeira_23-200x300.jpg\" alt=\"Delphine dans le bouillon d&#039;une cascade du canyon de Barbeira\" \/><\/figure><\/div><div class=\"swiper-slide\"><figure class=\"swiper-slide-inner\"><img decoding=\"async\" class=\"swiper-slide-image\" src=\"https:\/\/cafvercorssud.fr\/wp-content\/uploads\/2023\/04\/delphine-et-marie-9-199x300.jpg\" alt=\"delphine et marie (9)\" \/><\/figure><\/div><div class=\"swiper-slide\"><figure class=\"swiper-slide-inner\"><img decoding=\"async\" class=\"swiper-slide-image\" src=\"https:\/\/cafvercorssud.fr\/wp-content\/uploads\/2023\/04\/image0000011-225x300.jpg\" alt=\"image0000011\" \/><\/figure><\/div><div class=\"swiper-slide\"><figure class=\"swiper-slide-inner\"><img decoding=\"async\" class=\"swiper-slide-image\" src=\"https:\/\/cafvercorssud.fr\/wp-content\/uploads\/2023\/04\/Infernet-Chartreuse_1-199x300.jpg\" alt=\"Infernet, Chartreuse_1\" \/><\/figure><\/div><div class=\"swiper-slide\"><figure class=\"swiper-slide-inner\"><img decoding=\"async\" class=\"swiper-slide-image\" src=\"https:\/\/cafvercorssud.fr\/wp-content\/uploads\/2023\/05\/IMG_20200724_153304-138x300.jpg\" alt=\"IMG_20200724_153304\" \/><\/figure><\/div><div class=\"swiper-slide\"><figure class=\"swiper-slide-inner\"><img decoding=\"async\" class=\"swiper-slide-image\" src=\"https:\/\/cafvercorssud.fr\/wp-content\/uploads\/2023\/04\/Moules-Marinieres-Trieves_19-453x300.jpg\" alt=\"Moules Marini\u00e8res, Tri\u00e8ves_19\" \/><\/figure><\/div><div class=\"swiper-slide\"><figure class=\"swiper-slide-inner\"><img decoding=\"async\" class=\"swiper-slide-image\" src=\"https:\/\/cafvercorssud.fr\/wp-content\/uploads\/2023\/04\/image0000081-400x300.jpg\" alt=\"image0000081\" \/><\/figure><\/div><div class=\"swiper-slide\"><figure class=\"swiper-slide-inner\"><img decoding=\"async\" class=\"swiper-slide-image\" src=\"https:\/\/cafvercorssud.fr\/wp-content\/uploads\/2023\/04\/Reunion-du-18-fev-54-452x300.jpg\" alt=\"R\u00e9union du 18 fev (54)\" \/><\/figure><\/div><div class=\"swiper-slide\"><figure class=\"swiper-slide-inner\"><img decoding=\"async\" class=\"swiper-slide-image\" src=\"https:\/\/cafvercorssud.fr\/wp-content\/uploads\/2023\/04\/20180714_160412-169x300.jpg\" alt=\"20180714_160412\" \/><\/figure><\/div>\t\t\t<\/div>\n\t\t\t\t\t\t\t\t\t\t\t\t<div class=\"swiper-pagination\"><\/div>\n\t\t\t\t\t\t\t\t\t\t\t\t\t<div class=\"elementor-swiper-button elementor-swiper-button-prev\">\n\t\t\t\t\t\t<i aria-hidden=\"true\" class=\"eicon-chevron-left\"><\/i>\t\t\t\t\t\t<span class=\"elementor-screen-only\">Pr\u00e9c\u00e9dent<\/span>\n\t\t\t\t\t<\/div>\n\t\t\t\t\t<div class=\"elementor-swiper-button elementor-swiper-button-next\">\n\t\t\t\t\t\t<i aria-hidden=\"true\" class=\"eicon-chevron-right\"><\/i>\t\t\t\t\t\t<span class=\"elementor-screen-only\">Suivant<\/span>\n\t\t\t\t\t<\/div>\n\t\t\t\t\t\t\t\t\t<\/div>\n\t\t\t\t<\/div>\n\t\t\t\t<\/div>\n\t\t\t\t\t<\/div>\n\t\t<\/div>\n\t\t\t\t\t\t\t<\/div>\n\t\t<\/section>\n\t\t\t\t\t\t\t<\/div>\n\t\t","protected":false},"excerpt":{"rendered":"<p>PR\u00c9SENTATION N\u00e9 en 2007, le Club Alpin Fran\u00e7ais du Vercors Sud est un club de montagne qui propose des activit\u00e9s vari\u00e9es : escalade, sp\u00e9l\u00e9ologie, raquettes \u00e0 neige, ski de randonn\u00e9e nordique, descente de canyon\u2026 Lorsque le club a \u00e9t\u00e9 cr\u00e9\u00e9, la volont\u00e9 \u00e9tait de proposer et de faire d\u00e9couvrir toutes les activit\u00e9s de montagne praticables &hellip; <\/p>\n<p class=\"link-more\"><a href=\"https:\/\/cafvercorssud.fr\/?page_id=51\" class=\"more-link\">Continuer la lecture<span class=\"screen-reader-text\"> de &laquo;&nbsp;Pr\u00e9sentation&nbsp;&raquo;<\/span><\/a><\/p>\n","protected":false},"author":1,"featured_media":0,"parent":0,"menu_order":0,"comment_status":"closed","ping_status":"closed","template":"","meta":{"footnotes":""},"class_list":["post-51","page","type-page","status-publish","hentry"],"_links":{"self":[{"href":"https:\/\/cafvercorssud.fr\/index.php?rest_route=\/wp\/v2\/pages\/51","targetHints":{"allow":["GET"]}}],"collection":[{"href":"https:\/\/cafvercorssud.fr\/index.php?rest_route=\/wp\/v2\/pages"}],"about":[{"href":"https:\/\/cafvercorssud.fr\/index.php?rest_route=\/wp\/v2\/types\/page"}],"author":[{"embeddable":true,"href":"https:\/\/cafvercorssud.fr\/index.php?rest_route=\/wp\/v2\/users\/1"}],"replies":[{"embeddable":true,"href":"https:\/\/cafvercorssud.fr\/index.php?rest_route=%2Fwp%2Fv2%2Fcomments&post=51"}],"version-history":[{"count":46,"href":"https:\/\/cafvercorssud.fr\/index.php?rest_route=\/wp\/v2\/pages\/51\/revisions"}],"predecessor-version":[{"id":620,"href":"https:\/\/cafvercorssud.fr\/index.php?rest_route=\/wp\/v2\/pages\/51\/revisions\/620"}],"wp:attachment":[{"href":"https:\/\/cafvercorssud.fr\/index.php?rest_route=%2Fwp%2Fv2%2Fmedia&parent=51"}],"curies":[{"name":"wp","href":"https:\/\/api.w.org\/{rel}","templated":true}]}}

Présentation

<div data-elementor-type="wp-page" data-elementor-id="51" class="elementor elementor-51">
									<section class="elementor-section elementor-top-section elementor-element elementor-element-3041782 elementor-section-boxed elementor-section-height-default elementor-section-height-default" data-id="3041782" data-element_type="section">
						<div class="elementor-container elementor-column-gap-default">
					<div class="elementor-column elementor-col-100 elementor-top-column elementor-element elementor-element-99ceced" data-id="99ceced" data-element_type="column">
			<div class="elementor-widget-wrap elementor-element-populated">
								<div class="elementor-element elementor-element-0e26d21 elementor-widget elementor-widget-text-editor" data-id="0e26d21" data-element_type="widget" data-widget_type="text-editor.default">
				<div class="elementor-widget-container">
			<style>/*! elementor - v3.12.0 - 29-03-2023 */
.elementor-widget-text-editor.elementor-drop-cap-view-stacked .elementor-drop-cap{background-color:#69727d;color:#fff}.elementor-widget-text-editor.elementor-drop-cap-view-framed .elementor-drop-cap{color:#69727d;border:3px solid;background-color:transparent}.elementor-widget-text-editor:not(.elementor-drop-cap-view-default) .elementor-drop-cap{margin-top:8px}.elementor-widget-text-editor:not(.elementor-drop-cap-view-default) .elementor-drop-cap-letter{width:1em;height:1em}.elementor-widget-text-editor .elementor-drop-cap{float:left;text-align:center;line-height:1;font-size:50px}.elementor-widget-text-editor .elementor-drop-cap-letter{display:inline-block}</style>				<p><u>PRÉSENTATION</u></p>						</div>
				</div>
					</div>
		</div>
							</div>
		</section>
				<section class="elementor-section elementor-top-section elementor-element elementor-element-bdcafed elementor-section-boxed elementor-section-height-default elementor-section-height-default" data-id="bdcafed" data-element_type="section">
						<div class="elementor-container elementor-column-gap-default">
					<div class="elementor-column elementor-col-50 elementor-top-column elementor-element elementor-element-2be5338" data-id="2be5338" data-element_type="column">
			<div class="elementor-widget-wrap elementor-element-populated">
								<div class="elementor-element elementor-element-6b72684 elementor-widget elementor-widget-text-editor" data-id="6b72684" data-element_type="widget" data-widget_type="text-editor.default">
				<div class="elementor-widget-container">
							<p>Né en 2007, le Club Alpin Français du Vercors Sud est un club de montagne qui propose des activités variées : escalade, spéléologie, raquettes à neige, ski de randonnée nordique, descente de canyon…</p><p>Lorsque le club a été créé, la volonté était de proposer et de faire découvrir toutes les activités de montagne praticables sur le Vercors et les massifs alentours aux jeunes du plateau. C’est pour cela que nous avons souscrit à l’esprit des clubs alpins et de la FFCAM (Fédération Française des Clubs Alpins et de Montagne).</p><p>Pour les jeunes, nous avons 3 écoles encadrées par des professionnels de la montagne et labellisées par la FFCAM : école de ski, école d’aventure et école d’escalade.</p><p>Le club compte à ce jour une centaine d’adhérent. Une permanence se tient tous les mardis (de fin Septembre à début Mai) de 20 à 22h à la salle polyvalente de la Chapelle en Vercors.</p>						</div>
				</div>
					</div>
		</div>
				<div class="elementor-column elementor-col-50 elementor-top-column elementor-element elementor-element-64b7be9" data-id="64b7be9" data-element_type="column">
			<div class="elementor-widget-wrap elementor-element-populated">
								<div class="elementor-element elementor-element-c90c535 elementor-widget elementor-widget-image" data-id="c90c535" data-element_type="widget" data-widget_type="image.default">
				<div class="elementor-widget-container">
			<style>/*! elementor - v3.12.0 - 29-03-2023 */
.elementor-widget-image{text-align:center}.elementor-widget-image a{display:inline-block}.elementor-widget-image a img[src$=".svg"]{width:48px}.elementor-widget-image img{vertical-align:middle;display:inline-block}</style>												<img loading="lazy" decoding="async" width="525" height="935" src="https://cafvercorssud.fr/wp-content/uploads/2023/04/18073155_10212582241928696_1842909949_n.jpg" class="attachment-large size-large wp-image-244" alt="" srcset="https://cafvercorssud.fr/wp-content/uploads/2023/04/18073155_10212582241928696_1842909949_n.jpg 539w, https://cafvercorssud.fr/wp-content/uploads/2023/04/18073155_10212582241928696_1842909949_n-168x300.jpg 168w" sizes="auto, 100vw" />															</div>
				</div>
					</div>
		</div>
							</div>
		</section>
				<section class="elementor-section elementor-top-section elementor-element elementor-element-b535365 elementor-section-boxed elementor-section-height-default elementor-section-height-default" data-id="b535365" data-element_type="section">
						<div class="elementor-container elementor-column-gap-default">
					<div class="elementor-column elementor-col-100 elementor-top-column elementor-element elementor-element-8221b85" data-id="8221b85" data-element_type="column">
			<div class="elementor-widget-wrap elementor-element-populated">
								<div class="elementor-element elementor-element-c72d37e elementor-arrows-position-inside elementor-pagination-position-outside elementor-widget elementor-widget-image-carousel" data-id="c72d37e" data-element_type="widget" data-settings="{&quot;slides_to_show&quot;:&quot;3&quot;,&quot;navigation&quot;:&quot;both&quot;,&quot;autoplay&quot;:&quot;yes&quot;,&quot;pause_on_hover&quot;:&quot;yes&quot;,&quot;pause_on_interaction&quot;:&quot;yes&quot;,&quot;autoplay_speed&quot;:5000,&quot;infinite&quot;:&quot;yes&quot;,&quot;speed&quot;:500}" data-widget_type="image-carousel.default">
				<div class="elementor-widget-container">
			<style>/*! elementor - v3.12.0 - 29-03-2023 */
.elementor-widget-image-carousel .swiper,.elementor-widget-image-carousel .swiper-container{position:static}.elementor-widget-image-carousel .swiper-container .swiper-slide figure,.elementor-widget-image-carousel .swiper .swiper-slide figure{line-height:inherit}.elementor-widget-image-carousel .swiper-slide{text-align:center}.elementor-image-carousel-wrapper:not(.swiper-container-initialized) .swiper-slide,.elementor-image-carousel-wrapper:not(.swiper-initialized) .swiper-slide{max-width:calc(100% / var(--e-image-carousel-slides-to-show, 3))}</style>		<div class="elementor-image-carousel-wrapper swiper" dir="ltr">
			<div class="elementor-image-carousel swiper-wrapper">
								<div class="swiper-slide"><figure class="swiper-slide-inner"><img decoding="async" class="swiper-slide-image" src="https://cafvercorssud.fr/wp-content/uploads/2023/04/20230318_093015-400x300.jpg" alt="20230318_093015" /></figure></div><div class="swiper-slide"><figure class="swiper-slide-inner"><img decoding="async" class="swiper-slide-image" src="https://cafvercorssud.fr/wp-content/uploads/2023/04/image0000071-225x300.jpg" alt="image0000071" /></figure></div><div class="swiper-slide"><figure class="swiper-slide-inner"><img decoding="async" class="swiper-slide-image" src="https://cafvercorssud.fr/wp-content/uploads/2023/05/IMG_20180722_123349-225x300.jpg" alt="IMG_20180722_123349" /></figure></div><div class="swiper-slide"><figure class="swiper-slide-inner"><img decoding="async" class="swiper-slide-image" src="https://cafvercorssud.fr/wp-content/uploads/2023/04/20230318_122418-225x300.jpg" alt="20230318_122418" /></figure></div><div class="swiper-slide"><figure class="swiper-slide-inner"><img decoding="async" class="swiper-slide-image" src="https://cafvercorssud.fr/wp-content/uploads/2023/04/barbeira_23-200x300.jpg" alt="Delphine dans le bouillon d&#039;une cascade du canyon de Barbeira" /></figure></div><div class="swiper-slide"><figure class="swiper-slide-inner"><img decoding="async" class="swiper-slide-image" src="https://cafvercorssud.fr/wp-content/uploads/2023/04/delphine-et-marie-9-199x300.jpg" alt="delphine et marie (9)" /></figure></div><div class="swiper-slide"><figure class="swiper-slide-inner"><img decoding="async" class="swiper-slide-image" src="https://cafvercorssud.fr/wp-content/uploads/2023/04/image0000011-225x300.jpg" alt="image0000011" /></figure></div><div class="swiper-slide"><figure class="swiper-slide-inner"><img decoding="async" class="swiper-slide-image" src="https://cafvercorssud.fr/wp-content/uploads/2023/04/Infernet-Chartreuse_1-199x300.jpg" alt="Infernet, Chartreuse_1" /></figure></div><div class="swiper-slide"><figure class="swiper-slide-inner"><img decoding="async" class="swiper-slide-image" src="https://cafvercorssud.fr/wp-content/uploads/2023/05/IMG_20200724_153304-138x300.jpg" alt="IMG_20200724_153304" /></figure></div><div class="swiper-slide"><figure class="swiper-slide-inner"><img decoding="async" class="swiper-slide-image" src="https://cafvercorssud.fr/wp-content/uploads/2023/04/Moules-Marinieres-Trieves_19-453x300.jpg" alt="Moules Marinières, Trièves_19" /></figure></div><div class="swiper-slide"><figure class="swiper-slide-inner"><img decoding="async" class="swiper-slide-image" src="https://cafvercorssud.fr/wp-content/uploads/2023/04/image0000081-400x300.jpg" alt="image0000081" /></figure></div><div class="swiper-slide"><figure class="swiper-slide-inner"><img decoding="async" class="swiper-slide-image" src="https://cafvercorssud.fr/wp-content/uploads/2023/04/Reunion-du-18-fev-54-452x300.jpg" alt="Réunion du 18 fev (54)" /></figure></div><div class="swiper-slide"><figure class="swiper-slide-inner"><img decoding="async" class="swiper-slide-image" src="https://cafvercorssud.fr/wp-content/uploads/2023/04/20180714_160412-169x300.jpg" alt="20180714_160412" /></figure></div>			</div>
												<div class="swiper-pagination"></div>
													<div class="elementor-swiper-button elementor-swiper-button-prev">
						<i aria-hidden="true" class="eicon-chevron-left"></i>						<span class="elementor-screen-only">Précédent</span>
					</div>
					<div class="elementor-swiper-button elementor-swiper-button-next">
						<i aria-hidden="true" class="eicon-chevron-right"></i>						<span class="elementor-screen-only">Suivant</span>
					</div>
									</div>
				</div>
				</div>
					</div>
		</div>
							</div>
		</section>
							</div>

<p>PRÉSENTATION Né en 2007, le Club Alpin Français du Vercors Sud est un club de montagne qui propose des activités variées : escalade, spéléologie, raquettes à neige, ski de randonnée nordique, descente de canyon… Lorsque le club a été créé, la volonté était de proposer et de faire découvrir toutes les activités de montagne praticables &hellip; </p>
<p class="link-more"><a href="https://cafvercorssud.fr/?page_id=51" class="more-link">Continuer la lecture<span class="screen-reader-text"> de &laquo;&nbsp;Présentation&nbsp;&raquo;</span></a></p>
