{"id":61,"date":"2023-04-01T15:36:20","date_gmt":"2023-04-01T13:36:20","guid":{"rendered":"https:\/\/cafvercorssud.fr\/?page_id=61"},"modified":"2024-12-04T23:35:40","modified_gmt":"2024-12-04T22:35:40","slug":"adhesion","status":"publish","type":"page","link":"https:\/\/cafvercorssud.fr\/?page_id=61","title":{"rendered":"Adh\u00e9sion"},"content":{"rendered":"\t\t<div data-elementor-type=\"wp-page\" data-elementor-id=\"61\" class=\"elementor elementor-61\">\n\t\t\t\t\t\t\t\t\t<section class=\"elementor-section elementor-top-section elementor-element elementor-element-a7d6300 elementor-section-boxed elementor-section-height-default elementor-section-height-default\" data-id=\"a7d6300\" data-element_type=\"section\">\n\t\t\t\t\t\t<div class=\"elementor-container elementor-column-gap-default\">\n\t\t\t\t\t<div class=\"elementor-column elementor-col-100 elementor-top-column elementor-element elementor-element-0ec2dd7\" data-id=\"0ec2dd7\" data-element_type=\"column\">\n\t\t\t<div class=\"elementor-widget-wrap elementor-element-populated\">\n\t\t\t\t\t\t\t\t<div class=\"elementor-element elementor-element-38034c9 elementor-widget elementor-widget-text-editor\" data-id=\"38034c9\" data-element_type=\"widget\" data-widget_type=\"text-editor.default\">\n\t\t\t\t<div class=\"elementor-widget-container\">\n\t\t\t<style>\/*! elementor - v3.12.0 - 29-03-2023 *\/\n.elementor-widget-text-editor.elementor-drop-cap-view-stacked .elementor-drop-cap{background-color:#69727d;color:#fff}.elementor-widget-text-editor.elementor-drop-cap-view-framed .elementor-drop-cap{color:#69727d;border:3px solid;background-color:transparent}.elementor-widget-text-editor:not(.elementor-drop-cap-view-default) .elementor-drop-cap{margin-top:8px}.elementor-widget-text-editor:not(.elementor-drop-cap-view-default) .elementor-drop-cap-letter{width:1em;height:1em}.elementor-widget-text-editor .elementor-drop-cap{float:left;text-align:center;line-height:1;font-size:50px}.elementor-widget-text-editor .elementor-drop-cap-letter{display:inline-block}<\/style>\t\t\t\t<p>ADH\u00c9SION<\/p>\t\t\t\t\t\t<\/div>\n\t\t\t\t<\/div>\n\t\t\t\t<div class=\"elementor-element elementor-element-f0cccbb elementor-widget__width-initial elementor-widget elementor-widget-text-editor\" data-id=\"f0cccbb\" data-element_type=\"widget\" data-widget_type=\"text-editor.default\">\n\t\t\t\t<div class=\"elementor-widget-container\">\n\t\t\t\t\t\t\t<p class=\"MsoNormal\">L\u2019adh\u00e9sion au club est obligatoire pour toutes les sorties organis\u00e9es par le club, ainsi que pour grimper sur le mur. La licence est valable du 1<sup>er<\/sup> Septembre au 30 Septembre de l\u2019ann\u00e9e suivante.<\/p><p><a href=\"http:\/\/cafvercorssud.fr\/wp-content\/uploads\/2024\/12\/02-Tarif-Groupe-Recap-paiment-2024-2025-V2.pdf\"><span style=\"text-decoration: underline; color: #0000ff;\">Tarif Licence CAF Vercors Sud 2024\/2025 &#8211; PDF<\/span><\/a><\/p><p><span style=\"text-decoration: underline; color: #0000ff;\"><a style=\"color: #0000ff; text-decoration: underline;\" href=\"http:\/\/cafvercorssud.fr\/wp-content\/uploads\/2024\/12\/04-Notice-assurance-2024-2025-FR.pdf\">Notice assurance FFCAM 2024\/2025 &#8211; PDF<\/a><\/span><\/p>\t\t\t\t\t\t<\/div>\n\t\t\t\t<\/div>\n\t\t\t\t\t<\/div>\n\t\t<\/div>\n\t\t\t\t\t\t\t<\/div>\n\t\t<\/section>\n\t\t\t\t<section class=\"elementor-section elementor-top-section elementor-element elementor-element-4732a4d elementor-section-boxed elementor-section-height-default elementor-section-height-default\" data-id=\"4732a4d\" data-element_type=\"section\">\n\t\t\t\t\t\t<div class=\"elementor-container elementor-column-gap-default\">\n\t\t\t\t\t<div class=\"elementor-column elementor-col-100 elementor-top-column elementor-element elementor-element-ede662a\" data-id=\"ede662a\" data-element_type=\"column\">\n\t\t\t<div class=\"elementor-widget-wrap elementor-element-populated\">\n\t\t\t\t\t\t\t\t<div class=\"elementor-element elementor-element-929fbf9 elementor-widget__width-initial elementor-widget elementor-widget-heading\" data-id=\"929fbf9\" data-element_type=\"widget\" data-widget_type=\"heading.default\">\n\t\t\t\t<div class=\"elementor-widget-container\">\n\t\t\t<style>\/*! elementor - v3.12.0 - 29-03-2023 *\/\n.elementor-heading-title{padding:0;margin:0;line-height:1}.elementor-widget-heading .elementor-heading-title[class*=elementor-size-]>a{color:inherit;font-size:inherit;line-height:inherit}.elementor-widget-heading .elementor-heading-title.elementor-size-small{font-size:15px}.elementor-widget-heading .elementor-heading-title.elementor-size-medium{font-size:19px}.elementor-widget-heading .elementor-heading-title.elementor-size-large{font-size:29px}.elementor-widget-heading .elementor-heading-title.elementor-size-xl{font-size:39px}.elementor-widget-heading .elementor-heading-title.elementor-size-xxl{font-size:59px}<\/style><h2 class=\"elementor-heading-title elementor-size-large\">Renouvellement d'une Licence:<\/h2>\t\t<\/div>\n\t\t\t\t<\/div>\n\t\t\t\t<div class=\"elementor-element elementor-element-f386775 elementor-widget elementor-widget-text-editor\" data-id=\"f386775\" data-element_type=\"widget\" data-widget_type=\"text-editor.default\">\n\t\t\t\t<div class=\"elementor-widget-container\">\n\t\t\t\t\t\t\t<p>Par internet, directement sur votre <span style=\"text-decoration: underline;\"><a href=\"https:\/\/extranet-clubalpin.com\/monespace\/\"><span style=\"color: #0000ff; text-decoration: underline;\">espace licenci\u00e9<\/span><\/a><\/span> en renseignant votre num\u00e9ro de licence ainsi que votre mot de passe d\u00e9fini (sinon faire \u201crenvoi de code internet\u201d). Le paiement se fait en ligne.<\/p>\t\t\t\t\t\t<\/div>\n\t\t\t\t<\/div>\n\t\t\t\t\t<\/div>\n\t\t<\/div>\n\t\t\t\t\t\t\t<\/div>\n\t\t<\/section>\n\t\t\t\t<section class=\"elementor-section elementor-top-section elementor-element elementor-element-21c3527 elementor-section-boxed elementor-section-height-default elementor-section-height-default\" data-id=\"21c3527\" data-element_type=\"section\">\n\t\t\t\t\t\t<div class=\"elementor-container elementor-column-gap-default\">\n\t\t\t\t\t<div class=\"elementor-column elementor-col-100 elementor-top-column elementor-element elementor-element-9191807\" data-id=\"9191807\" data-element_type=\"column\">\n\t\t\t<div class=\"elementor-widget-wrap elementor-element-populated\">\n\t\t\t\t\t\t\t\t<div class=\"elementor-element elementor-element-e2631ea elementor-widget__width-initial elementor-widget elementor-widget-heading\" data-id=\"e2631ea\" data-element_type=\"widget\" data-widget_type=\"heading.default\">\n\t\t\t\t<div class=\"elementor-widget-container\">\n\t\t\t<h2 class=\"elementor-heading-title elementor-size-large\">Nouvelle inscription:<\/h2>\t\t<\/div>\n\t\t\t\t<\/div>\n\t\t\t\t<div class=\"elementor-element elementor-element-462bcc6 elementor-widget elementor-widget-text-editor\" data-id=\"462bcc6\" data-element_type=\"widget\" data-widget_type=\"text-editor.default\">\n\t\t\t\t<div class=\"elementor-widget-container\">\n\t\t\t\t\t\t\t<p>&#8211; Formulaire pour adh\u00e9rer et payer en ligne disponible <span style=\"color: #0000ff;\"><a style=\"color: #0000ff;\" href=\"https:\/\/extranet-clubalpin.com\/app\/webeff\/we_crv2_step01.php?IDCLUB=2642&amp;Hchk=QG7XnTRZ4CrL9IPTlwvsRSq4q83Of8\"><span style=\"text-decoration: underline;\">ici.<\/span><\/a><\/span><\/p><p>&#8211; Formulaire papier \u00e0 ramener lors de la 1ere s\u00e9ance adulte avec un ch\u00e8que du montant de la licence disponible ici:<span style=\"color: #ff0000;\">\u00a0<a href=\"http:\/\/cafvercorssud.fr\/wp-content\/uploads\/2024\/12\/03-Fiche-adhesion-2024-2025.pdf\"><span style=\"text-decoration: underline; color: #0000ff;\">Fiche adh\u00e9sion 2024\/2025 &#8211; PDF<\/span><\/a><\/span><\/p>\t\t\t\t\t\t<\/div>\n\t\t\t\t<\/div>\n\t\t\t\t\t<\/div>\n\t\t<\/div>\n\t\t\t\t\t\t\t<\/div>\n\t\t<\/section>\n\t\t\t\t<section class=\"elementor-section elementor-top-section elementor-element elementor-element-a67738a elementor-section-boxed elementor-section-height-default elementor-section-height-default\" data-id=\"a67738a\" data-element_type=\"section\">\n\t\t\t\t\t\t<div class=\"elementor-container elementor-column-gap-default\">\n\t\t\t\t\t<div class=\"elementor-column elementor-col-100 elementor-top-column elementor-element elementor-element-473910a\" data-id=\"473910a\" data-element_type=\"column\">\n\t\t\t<div class=\"elementor-widget-wrap elementor-element-populated\">\n\t\t\t\t\t\t\t\t<div class=\"elementor-element elementor-element-5e393b7 elementor-widget__width-initial elementor-widget elementor-widget-heading\" data-id=\"5e393b7\" data-element_type=\"widget\" data-widget_type=\"heading.default\">\n\t\t\t\t<div class=\"elementor-widget-container\">\n\t\t\t<h2 class=\"elementor-heading-title elementor-size-large\">Carte d\u00e9couverte:<\/h2>\t\t<\/div>\n\t\t\t\t<\/div>\n\t\t\t\t<div class=\"elementor-element elementor-element-0fb82a2 elementor-widget elementor-widget-text-editor\" data-id=\"0fb82a2\" data-element_type=\"widget\" data-widget_type=\"text-editor.default\">\n\t\t\t\t<div class=\"elementor-widget-container\">\n\t\t\t\t\t\t\t<p>La carte d\u00e9couverte permet de d\u00e9couvrir ou essayer les activit\u00e9s du club sur une journ\u00e9e.&nbsp; Le co\u00fbt est de 7\u20ac\/carte, qui comprend \u00e9galement l\u2019assurance (Responsabilit\u00e9 civile,&nbsp; d\u00e9fense p\u00e9nale et recours, assurance de personne (garanties de base), assistance-secours). Le nombre de cartes d\u00e9couvertes est limit\u00e9 \u00e0 3 par personne et par saison.<\/p>\n<p>Souscription minium 24h avant la journ\u00e9e, en nous envoyant les infos suivantes par e-mail \u00e0 <span style=\"color: #808080;\"><strong><a style=\"color: #808080;\" href=\"mailto:cafvercorssud@orange.fr\">contact@cafvercorssud.fr<\/a>:<\/strong><\/span><\/p>\n<ul>\n<li>Date du jour souhait\u00e9 pour la carte d\u00e9couverte<\/li>\n<li>Nom et pr\u00e9nom<\/li>\n<li>Date de naissance<\/li>\n<li>Adresse<\/li>\n<li>Une personne \u00e0 pr\u00e9venir en cas d\u2019accident (nom et t\u00e9l\u00e9phone)<\/li>\n<\/ul>\t\t\t\t\t\t<\/div>\n\t\t\t\t<\/div>\n\t\t\t\t\t<\/div>\n\t\t<\/div>\n\t\t\t\t\t\t\t<\/div>\n\t\t<\/section>\n\t\t\t\t<section class=\"elementor-section elementor-top-section elementor-element elementor-element-341ebe9 elementor-section-boxed elementor-section-height-default elementor-section-height-default\" data-id=\"341ebe9\" data-element_type=\"section\">\n\t\t\t\t\t\t<div class=\"elementor-container elementor-column-gap-default\">\n\t\t\t\t\t<div class=\"elementor-column elementor-col-100 elementor-top-column elementor-element elementor-element-2c8a90d\" data-id=\"2c8a90d\" data-element_type=\"column\">\n\t\t\t<div class=\"elementor-widget-wrap elementor-element-populated\">\n\t\t\t\t\t\t\t\t<div class=\"elementor-element elementor-element-65a896f elementor-widget__width-initial elementor-widget elementor-widget-heading\" data-id=\"65a896f\" data-element_type=\"widget\" data-widget_type=\"heading.default\">\n\t\t\t\t<div class=\"elementor-widget-container\">\n\t\t\t<h2 class=\"elementor-heading-title elementor-size-large\">Double affiliation:<\/h2>\t\t<\/div>\n\t\t\t\t<\/div>\n\t\t\t\t<div class=\"elementor-element elementor-element-6f50564 elementor-widget elementor-widget-text-editor\" data-id=\"6f50564\" data-element_type=\"widget\" data-widget_type=\"text-editor.default\">\n\t\t\t\t<div class=\"elementor-widget-container\">\n\t\t\t\t\t\t\t<p>Il faut fournir une copie de votre carte d\u2019adh\u00e9rent de votre club principal affili\u00e9 FFCAM et vous n\u2019avez que la part club de 30\u20ac \u00e0 r\u00e9gler lors de la prochaine s\u00e9ance en salle. (Ne fonctionne pas avec la FFME, ni avec un club alpin \u00e9tranger).<\/p>\t\t\t\t\t\t<\/div>\n\t\t\t\t<\/div>\n\t\t\t\t\t<\/div>\n\t\t<\/div>\n\t\t\t\t\t\t\t<\/div>\n\t\t<\/section>\n\t\t\t\t\t\t\t<\/div>\n\t\t","protected":false},"excerpt":{"rendered":"<p>ADH\u00c9SION L\u2019adh\u00e9sion au club est obligatoire pour toutes les sorties organis\u00e9es par le club, ainsi que pour grimper sur le mur. La licence est valable du 1er Septembre au 30 Septembre de l\u2019ann\u00e9e suivante. Tarif Licence CAF Vercors Sud 2024\/2025 &#8211; PDF Notice assurance FFCAM 2024\/2025 &#8211; PDF Renouvellement d&rsquo;une Licence: Par internet, directement sur &hellip; <\/p>\n<p class=\"link-more\"><a href=\"https:\/\/cafvercorssud.fr\/?page_id=61\" class=\"more-link\">Continuer la lecture<span class=\"screen-reader-text\"> de &laquo;&nbsp;Adh\u00e9sion&nbsp;&raquo;<\/span><\/a><\/p>\n","protected":false},"author":1,"featured_media":0,"parent":0,"menu_order":0,"comment_status":"closed","ping_status":"closed","template":"","meta":{"footnotes":""},"class_list":["post-61","page","type-page","status-publish","hentry"],"_links":{"self":[{"href":"https:\/\/cafvercorssud.fr\/index.php?rest_route=\/wp\/v2\/pages\/61","targetHints":{"allow":["GET"]}}],"collection":[{"href":"https:\/\/cafvercorssud.fr\/index.php?rest_route=\/wp\/v2\/pages"}],"about":[{"href":"https:\/\/cafvercorssud.fr\/index.php?rest_route=\/wp\/v2\/types\/page"}],"author":[{"embeddable":true,"href":"https:\/\/cafvercorssud.fr\/index.php?rest_route=\/wp\/v2\/users\/1"}],"replies":[{"embeddable":true,"href":"https:\/\/cafvercorssud.fr\/index.php?rest_route=%2Fwp%2Fv2%2Fcomments&post=61"}],"version-history":[{"count":65,"href":"https:\/\/cafvercorssud.fr\/index.php?rest_route=\/wp\/v2\/pages\/61\/revisions"}],"predecessor-version":[{"id":792,"href":"https:\/\/cafvercorssud.fr\/index.php?rest_route=\/wp\/v2\/pages\/61\/revisions\/792"}],"wp:attachment":[{"href":"https:\/\/cafvercorssud.fr\/index.php?rest_route=%2Fwp%2Fv2%2Fmedia&parent=61"}],"curies":[{"name":"wp","href":"https:\/\/api.w.org\/{rel}","templated":true}]}}